*2 + 12*y - 65. Determine t(13).
-78
Let w(x) = 2*x**3 - 31*x**2 + 87*x - 291. What is w(13)?
-5
Let a(c) = 47*c**2 + 19*c - 44. Calculate a(-1).
-16
Let i(x) = 47*x - 1252. Give i(26).
-30
Let n(q) = -21*q - 589. Give n(-31).
62
Let r(i) = -4*i**2 - 435*i + 548. Calculate r(-110).
-2
Let h(v) = -2*v**3 + 46*v**2 + 2*v - 55. What is h(23)?
-9
Let c(i) = -50*i**3 + 66*i**2 - 6*i + 2. What is c(2)?
-146
Let f(s) = -s**3 - 9*s**2 + 12*s + 86. Calculate f(-8).
-74
Let w(p) = -2*p**2 - 138*p - 2001. Determine w(-48).
15
Let i(j) = -2*j**2 + 186*j - 540. Determine i(90).
0
Let s(p) = 50*p**2 - 1949*p - 28. Calculate s(39).
11
Let b(i) = -6*i**2 + 35*i + 76. Calculate b(-2).
-18
Let x(c) = 277*c - 8577. Calculate x(31).
10
Let f(p) = -12*p**2 - 20*p - 48. Determine f(-3).
-96
Let m(o) = 60*o + 45. Determine m(0).
45
Let w(y) = -y**3 - 13*y**2 - 8*y - 29. Determine w(-9).
-281
Let t(v) = -1465*v - 24874. Give t(-17).
31
Let w(c) = 39*c + 223. Determine w(-11).
-206
Let i(b) = -b**3 - 46*b**2 - 37*b + 365. Give i(-45).
5
Let d(x) = -x**2 - 25*x + 1298. Calculate d(-51).
-28
Let y(s) = 2*s**2 - 26*s + 68. Determine y(5).
-12
Let r(c) = 3*c**2 + 652*c + 1301. Calculate r(-2).
9
Let r(v) = v**3 + 22*v**2 + 15*v - 58. Determine r(-20).
442
Let i(j) = j**2 + 61*j - 1105. Give i(14).
-55
Let u(p) = -19*p + 94. Determine u(10).
-96
Let k(t) = -51*t + 97. Give k(2).
-5
Let h(w) = 7*w**3 - w**2 + 21*w - 72. Calculate h(5).
883
Let n(m) = m**3 - 4*m**2 + 3*m - 21. Determine n(4).
-9
Let x(h) = 1050*h - 1026. Calculate x(1).
24
Let x(a) = -9*a**3 + 2*a**2 - 3*a - 14. Calculate x(0).
-14
Let t(v) = -15*v**2 + 200*v + 7. Determine t(16).
-633
Let c(b) = -2*b - 38. What is c(-90)?
142
Let u(f) = -23*f**3 + 91*f**2 + 31*f - 93. Determine u(4).
15
Let m(t) = 21*t**3 + t**2 + 16*t - 14. Determine m(1).
24
Let f(i) = i**2 + 50*i + 297. Determine f(0).
297
Let s(m) = 5*m**3 + 15*m**2 - 94*m - 287. Give s(-3).
-5
Let q(v) = -v**2 - 162*v + 82. What is q(0)?
82
Let x(k) = -809*k + 10497. What is x(13)?
-20
Let o(b) = 43*b + 27. Determine o(1).
70
Let i(y) = y**2 + 24*y - 27. What is i(-27)?
54
Let g(d) = 5*d**2 + 135*d - 416. Determine g(3).
34
Let q(i) = -4*i**2 - 59*i - 52. Calculate q(-13).
39
Let s(k) = -k**2 - 153*k - 5724. Give s(-65).
-4
Let l(h) = 53*h + 151. What is l(-6)?
-167
Let m(c) = 2*c + 63. What is m(-9)?
45
Let o(p) = p**3 + 2*p**2 + 39*p - 142. Determine o(0).
-142
Let y(q) = 654*q + 1966. Calculate y(-3).
4
Let z(u) = 15*u - 42. What is z(2)?
-12
Let l(h) = 2*h**3 + 37*h**2 + 53*h - 18. Calculate l(-17).
-52
Let r(v) = -v + 223. Calculate r(0).
223
Let z(p) = 10*p - 9. Determine z(9).
81
Let u(o) = -127*o + 2622. Determine u(22).
-172
Let u(r) = -r**3 + 13*r**2 - 19*r + 3. Determine u(9).
156
Let i(r) = -34*r**2 + 244*r - 26. Calculate i(7).
16
Let b(a) = -9*a**3 + a**2 + 59*a + 163. Give b(-3).
238
Let c(j) = -9*j**2 - 18*j + 14. What is c(-3)?
-13
Let c(d) = -d**3 + 2*d**2 - 54*d + 246. Determine c(4).
-2
Let y(n) = n**3 - 27*n**2 + 79*n - 3973. Calculate y(29).
0
Let a(j) = -5*j**2 + 66*j - 260. Determine a(5).
-55
Let o(k) = 2*k + 31. Calculate o(-25).
-19
Let t(c) = 11*c**2 + 191*c + 190. Calculate t(-1).
10
Let a(s) = 61*s - 8912. Give a(146).
-6
Let d(j) = -j**3 - 8*j**2 + 738*j + 6560. Calculate d(-9).
-1
Let d(u) = 3*u**2 + 104*u - 27. Calculate d(-33).
-192
Let l(s) = -4*s**3 - 2*s**2 + 6*s - 21. Calculate l(3).
-129
Let i(u) = 227*u + 2437. Determine i(-10).
167
Let m(c) = 1683*c + 156528. Determine m(-93).
9
Let s(n) = 2*n**3 + 67*n**2 - 36*n - 29. What is s(-34)?
39
Let j(u) = 77*u + 2547. Calculate j(-33).
6
Let c(t) = -3*t - 62. Calculate c(-19).
-5
Let b(g) = -2*g**2 - 52*g + 1718. Give b(19).
8
Let n(c) = 3*c + 104. Calculate n(-6).
86
Let g(h) = -126*h - 3440. Calculate g(-27).
-38
Let y(d) = -26*d - 162. Determine y(-6).
-6
Let c(j) = 20*j**3 - j**2 + 23*j - 46. Calculate c(2).
156
Let b(v) = -v**3 - 17*v**2 - 12*v + 6. What is b(-14)?
-414
Let b(y) = 26*y + 583. What is b(-17)?
141
Let y(a) = a**3 - 8*a**2 - 5*a + 33. Determine y(8).
-7
Let s(i) = i**3 - 14*i**2 + 4*i + 41. Give s(14).
97
Let n(f) = 2*f**2 + 382*f - 383. What is n(1)?
1
Let y(k) = k**2 + 19*k - 70. What is y(-26)?
112
Let x(s) = -124*s + 5830. Calculate x(47).
2
Let l(h) = -32*h - 281. Give l(-9).
7
Let u(a) = -3*a**3 - 32*a**2 - 3*a + 180. Calculate u(-10).
10
Let x(y) = y**3 - 79*y**2 - 143*y - 1548. Calculate x(81).
-9
Let a(g) = -23*g - 144. Give a(-6).
-6
Let t(m) = 2*m**3 + 99*m**2 - 47*m + 159. Give t(-50).
9
Let v(z) = -51*z + 36. Calculate v(-3).
189
Let v(a) = -197*a**3 + a**2 + 3*a - 3. What is v(1)?
-196
Let w(l) = -3*l**2 - 15*l + 16. Determine w(-8).
-56
Let g(u) = -74*u + 388. What is g(5)?
18
Let y(o) = -11*o - 526. What is y(-49)?
13
Let n(c) = 6*c - 286. Give n(44).
-22
Let o(d) = 192*d + 3883. Give o(-20).
43
Let w(b) = -b**2 - 99*b - 147. Give w(-98).
-49
Let o(s) = s**2 + 69*s + 1006. Determine o(-45).
-74
Let p(j) = -2*j**3 - 27*j**2 - 9*j - 14. Give p(-13).
-66
Let h(g) = 23*g - 301. What is h(13)?
-2
Let q(x) = -2*x + 11. Calculate q(5).
1
Let m(y) = 221*y + 2143. What is m(-10)?
-67
Let g(t) = 45*t - 371. Determine g(16).
349
Let m(l) = 6*l**3 + 10*l**2 + 15*l + 1. Calculate m(-4).
-283
Let b(p) = 494*p + 7414. What is b(-15)?
4
Let o(n) = 3*n**3 - 8*n**2 - 2. Determine o(4).
62
Let w(r) = -186*r + 3335. Give w(18).
-13
Let i(l) = 911*l - 30059. Calculate i(33).
4
Let g(w) = w**2 + 95*w + 2213. Calculate g(-53).
-13
Let w(l) = -8*l**2 + 111*l - 440. Determine w(6).
-62
Let h(m) = -1312*m + 322744. Calculate h(246).
-8
Let d(t) = 2*t**2 - 43*t + 29. Give d(21).
8
Let d(r) = 255*r - 1274. Calculate d(5).
1
Let m(b) = -b**3 + 9*b**2 + 174*b + 1641. What is m(21)?
3
Let v(x) = -8*x**2 + 15*x + 53. Determine v(4).
-15
Let d(n) = 6*n**2 - 555*n + 669. What is d(91)?
-150
Let w(d) = -71*d - 23. Determine w(1).
-94
Let q(n) = 20*n**2 + 2*n - 6. Determine q(3).
180
Let i(h) = 3*h**2 - 8*h - 206. What is i(17)?
525
Let v(w) = -w**3 - 80*w**2 + 169*w + 415. Determine v(-82).
5
Let z(y) = -3*y**3 - 45*y**2 + y + 13. Give z(-15).
-2
Let b(r) = -1315*r + 52604. Give b(40).
4
Let u(x) = -113*x + 300. Determine u(3).
-39
Let w(l) = -l**2 + 1159*l - 29. What is w(0)?
-29
Let r(g) = 22*g + 341. Give r(-14).
33
Let h(d) = -53*d**2 - 66*d - 3. Determine h(-4).
-587
Let b(s) = 2*s**3 + 68*s**2 + 124*s - 114. Calculate b(-32).
14
Let n(o) = o**3 + 22*o**2 + 107*o + 109. Give n(-5).
-1
Let j(l) = 97*l + 1467. What is j(-15)?
12
Let v(r) = r**3 + 2*r**2 + 4*r + 22. What is v(-3)?
1
Let p(h) = h**3 - 38*h**2 + 101*h - 782. Calculate p(36).
262
Let n(g) = g**2 - 12*g + 15. Determine n(6).
-21
Let a(t) = -t**3 - 34*t**2 + 114*t + 152. Calculate a(-37).
41
Let a(t) = -7*t**2 - 127*t - 318. Calculate a(-3).
0
Let b(n) = 265*n + 9. Give b(0).
9
Let j(o) = o**3 - 19*o**2 + 28*o - 25. Determine j(18).
155
Let a(z) = -831*z + 5027. What is a(6)?
41
Let t(u) = u**3 + 5*u**2 - 66*u - 15. What is t(-11)?
-15
Let y(r) = -12*r**2 - 136*r - 28. Calculate y(-11).
16
Let x(s) = -s**2 + 16*s - 66. Determine x(13).
-27
Let h(m) = -m**3 + 318*m + 7. Calculate h(0).
7
Let j(b) = 760*b - 9880. Determine j(13).
0
Let u(f) = -f**3 - 24*f**2 + f + 428. What is u(-22)?
-562
Let t(s) = -17*s - 170. What is t(-10)?
0
Let f(r) = -r**3 - 69*r**2 + 700*r - 163. What is f(-78)?
-7
Let d(g) = -66*g + 2504. Calculate d(38).
-4
Let v(n) = 2*n**3 - 35*n**2 + 20*n + 28. Determine v(17).
79
Let q(b) = -36*b**3 - 3*b**2 + 11*b - 13. Give q(2).
-291
Let m(h) = h**3 - 8*h**2 - 14*h + 48. What is m(9)?
3
Let t(j) = 6*j**3 - 5*j**2 - 10*j + 7. What is t(4)?
271
Let l(q) = 2*q**2 + 108*q - 335. Give l(-57).
7
Let c(r) = r**2 - 80*r + 995. Calculate c(16).
-29
Let m(n) = -4643*n + 4620. Determine m(1).
-23
Let y(v) = -v**2 + 57*v - 1109. Give y(17).
-429
Let s(h) = 178*h + 5331. What is s(-30)?
-9
Let w(y) = -37*y**2 + 13*y + 28. Give w(-2).
-146
Let m(w) = w**3 - 13*w**2 - 13*w - 36. Determine m(14).
-22
Let k(i) = -2*i**2 + 565*i + 4344. What is k(290)?
-6
Let k(f) = 229*f + 4584. Give k(-20).
4
Let r(c) = 190*c - 11220. What is r(59)?
-10
Let p(v) = 8*v**3 + 82*v**2 + 86*v - 18. What is p(-9)?
18
Let k(n) = 9*n**2 + n - 73. Calculate k(3).
11
Let z(o) = 9*o**2 + 132*o - 49. Give z(-15).
-4
Let v(j) = j